rime factors of 33087?
3, 41, 269
What are the prime factors of 822?
2, 3, 137
List the prime factors of 4279.
11, 389
List the prime factors of 17086.
2, 8543
What are the prime factors of 6703?
6703
List the prime factors of 11659.
89, 131
What are the prime factors of 4981?
17, 293
List the prime factors of 9297.
3, 1033
List the prime factors of 19460.
2, 5, 7, 139
What are the prime factors of 35962?
2, 17981
What are the prime factors of 8835?
3, 5, 19, 31
What are the prime factors of 1853?
17, 109
What are the prime factors of 2923?
37, 79
What are the prime factors of 15759?
3, 17, 103
What are the prime factors of 3318?
2, 3, 7, 79
List the prime factors of 34984.
2, 4373
List the prime factors of 3513.
3, 1171
List the prime factors of 200.
2, 5
What are the prime factors of 692?
2, 173
List the prime factors of 17433.
3, 13, 149
What are the prime factors of 982?
2, 491
What are the prime factors of 950?
2, 5, 19
List the prime factors of 36045.
3, 5, 89
What are the prime factors of 3292?
2, 823
List the prime factors of 729.
3
What are the prime factors of 4133?
4133
List the prime factors of 25927.
11, 2357
What are the prime factors of 59540?
2, 5, 13, 229
List the prime factors of 104042.
2, 52021
List the prime factors of 2643.
3, 881
What are the prime factors of 6595?
5, 1319
List the prime factors of 1289.
1289
What are the prime factors of 86181?
3, 23, 1249
What are the prime factors of 18206?
2, 9103
What are the prime factors of 166?
2, 83
List the prime factors of 9841.
13, 757
List the prime factors of 9545.
5, 23, 83
List the prime factors of 399.
3, 7, 19
What are the prime factors of 87319?
29, 3011
List the prime factors of 623.
7, 89
List the prime factors of 274.
2, 137
What are the prime factors of 3387?
3, 1129
What are the prime factors of 6115?
5, 1223
What are the prime factors of 20477?
20477
List the prime factors of 23886.
2, 3, 1327
List the prime factors of 45.
3, 5
What are the prime factors of 2850?
2, 3, 5, 19
What are the prime factors of 2675?
5, 107
List the prime factors of 879.
3, 293
List the prime factors of 7835.
5, 1567
What are the prime factors of 1574?
2, 787
What are the prime factors of 17445?
3, 5, 1163
What are the prime factors of 1016?
2, 127
What are the prime factors of 3872?
2, 11
List the prime factors of 256.
2
List the prime factors of 4419.
3, 491
List the prime factors of 45604.
2, 13, 877
What are the prime factors of 1163?
1163
List the prime factors of 51475.
5, 29, 71
What are the prime factors of 3496?
2, 19, 23
What are the prime factors of 5100?
2, 3, 5, 17
What are the prime factors of 176?
2, 11
What are the prime factors of 3139?
43, 73
What are the prime factors of 1298?
2, 11, 59
What are the prime factors of 49692?
2, 3, 41, 101
What are the prime factors of 15871?
59, 269
List the prime factors of 37151.
97, 383
What are the prime factors of 12674?
2, 6337
What are the prime factors of 638?
2, 11, 29
What are the prime factors of 52931?
41, 1291
What are the prime factors of 7543?
19, 397
List the prime factors of 31007.
101, 307
List the prime factors of 4913.
17
What are the prime factors of 3141?
3, 349
List the prime factors of 3679.
13, 283
What are the prime factors of 9285?
3, 5, 619
What are the prime factors of 6349?
7, 907
What are the prime factors of 153?
3, 17
List the prime factors of 1892.
2, 11, 43
List the prime factors of 3902.
2, 1951
List the prime factors of 862.
2, 431
List the prime factors of 31450.
2, 5, 17, 37
List the prime factors of 323.
17, 19
List the prime factors of 14622.
2, 3, 2437
List the prime factors of 17395.
5, 7, 71
List the prime factors of 2962.
2, 1481
List the prime factors of 17389.
17389
What are the prime factors of 25502?
2, 41, 311
What are the prime factors of 43966?
2, 13, 19, 89
List the prime factors of 7828.
2, 19, 103
What are the prime factors of 3057?
3, 1019
What are the prime factors of 22298?
2, 11149
List the prime factors of 1571.
1571
What are the prime factors of 1625?
5, 13
List the prime factors of 379.
379
List the prime factors of 3964.
2, 991
What are the prime factors of 2312?
2, 17
List the prime factors of 70401.
3, 31, 757
List the prime factors of 144.
2, 3
List the prime factors of 116.
2, 29
What are the prime factors of 5638?
2, 2819
What are the prime factors of 7744?
2, 11
What are the prime factors of 902?
2, 11, 41
What are the prime factors of 7078?
2, 3539
List the prime factors of 20204.
2, 5051
What are the prime factors of 17955?
3, 5, 7, 19
What are the prime factors of 5565?
3, 5, 7, 53
What are the prime factors of 19384?
2, 2423
What are the prime factors of 4645?
5, 929
What are the prime factors of 45247?
45247
What are the prime factors of 9824?
2, 307
List the prime factors of 109196.
2, 27299
What are the prime factors of 13405?
5, 7, 383
What are the prime factors of 19567?
17, 1151
List the prime factors of 131.
131
List the prime factors of 15029.
7, 19, 113
What are the prime factors of 929?
929
List the prime factors of 312.
2, 3, 13
List the prime factors of 6623.
37, 179
List the prime factors of 68747.
7, 23, 61
What are the prime factors of 21628?
2, 5407
List the prime factors of 31888.
2, 1993
What are the prime factors of 33215?
5, 7, 13, 73
What are the prime factors of 4731?
3, 19, 83
List the prime factors of 145708.
2, 73, 499
List the prime factors of 25302.
2, 3, 4217
List the prime factors of 3764.
2, 941
List the prime factors of 32989.
11, 2999
List the prime factors of 3613.
3613
List the prime factors of 11859.
3, 59, 67
What are the prime factors of 659?
659
What are the prime factors of 89759?
89759
What are the prime factors of 47396?
2, 17, 41
List the prime factors of 83454.
2, 3, 7, 1987
What are the prime factors of 243?
3
What are the prime factors of 38848?
2, 607
List the prime factors of 1080.
2, 3, 5
What are the prime factors of 103949?
19, 5471
List the prime factors of 180989.
29, 79
List the prime factors of 133295.
5, 53, 503
What are the prime factors of 5329?
73
What are the prime factors of 3549?
3, 7, 13
What are the prime factors of 371?
7, 53
What are the prime factors of 4406?
2, 2203
List the prime factors of 227.
227
List the prime factors of 59401.
191, 311
List the prime factors of 974.
2, 487
What are the prime factors of 61147?
47, 1301
List the prime factors of 65341.
19, 181
List the prime factors of 10319.
17, 607
What are the prime factors of 4971?
3, 1657
What are the prime factors of 3522?
2, 3, 587
What are the prime factors of 946?
2, 11, 43
List the prime factors of 1472.
2, 23
List the prime factors of 76068.
2, 3, 2113
What are the prime factors of 7473?
3, 47, 53
List the prime factors of 1043.
7, 149
What are the prime factors of 9566?
2, 4783
What are the prime factors of 61285?
5, 7, 17, 103
List the prime factors of 1096.
2, 137
What are the prime factors of 1992?
2, 3, 83
What are the prime factors of 5327?
7, 761
List the prime factors of 8630.
2, 5, 863
List the prime factors of 1950.
2, 3, 5, 13
List the prime factors of 10038.
2, 3, 7, 239
List the prime factors of 274.
2, 137
List the prime factors of 1074.
2, 3, 179
What are the prime factors of 141?
3, 47
List the prime factors of 377.
13, 29
List the prime factors of 873.
3, 97
What are the prime factors of 1317?
3, 439
List the prime factors of 4104.
2, 3, 19
List the prime factors of 87993.
3, 3259
List the prime factors of 93317.
7, 13331
What are the prime factors of 152?
2, 19
What are the prime factors of 127416?
2, 3, 5309
List the prime factors of 4939.
11, 449
What are the prime factors of 623?
7, 89
What are the prime factors of 2452?
2, 613
List the prime factors of 3312.
2, 3, 23
What are the prime factors of 1506?
2, 3, 251
What are the prime factors of 5316?
2, 3, 443
What are the prime factors of 3788?
2, 947
What are the prime factors of 113241?
3, 37747
What are the prime factors of 41317?
79, 523
List the prime factors of 411.
3, 137
List the prime factors of 81122.
2, 47, 863
What are the prime factors of 1944?
2, 3
What are the prime factors of 257?
257
List the prime factors of 2612.
2, 653
List the prime factors of 2660.
2, 5, 7, 19
List the prime factors of 1982.
2, 991
What are the prime factors of 3588?
2, 3